{"id":662,"date":"2021-05-31T07:29:15","date_gmt":"2021-05-31T04:29:15","guid":{"rendered":"https:\/\/haara-onkijoki.fi\/?page_id=662"},"modified":"2023-02-15T16:16:13","modified_gmt":"2023-02-15T14:16:13","slug":"yritykset","status":"publish","type":"page","link":"https:\/\/haara-onkijoki.fi\/?page_id=662","title":{"rendered":"Yritykset"},"content":{"rendered":"<p>[et_pb_section fb_built=&#8221;1&#8243; admin_label=&#8221;section&#8221; _builder_version=&#8221;4.16&#8243; global_colors_info=&#8221;{}&#8221;][et_pb_row column_structure=&#8221;2_3,1_3&#8243; admin_label=&#8221;row&#8221; _builder_version=&#8221;4.16&#8243; background_size=&#8221;initial&#8221; background_position=&#8221;top_left&#8221; background_repeat=&#8221;repeat&#8221; global_colors_info=&#8221;{}&#8221;][et_pb_column type=&#8221;2_3&#8243; _builder_version=&#8221;4.16&#8243; custom_padding=&#8221;|||&#8221; global_colors_info=&#8221;{}&#8221; custom_padding__hover=&#8221;|||&#8221;][et_pb_text admin_label=&#8221;Text&#8221; _builder_version=&#8221;4.19.2&#8243; background_size=&#8221;initial&#8221; background_position=&#8221;top_left&#8221; background_repeat=&#8221;repeat&#8221; custom_padding=&#8221;||0px|||&#8221; global_colors_info=&#8221;{}&#8221;]<\/p>\n<h3>T\u00e4lle sivulle olemme ker\u00e4nneet tietoja kyl\u00e4n alueella toimivista yrityksist\u00e4, voit ilmoittaa oman yrityksesi mukaan ottamalla yhteytt\u00e4 yhdistyksen sihteeriin!<\/h3>\n<p>Aaltonen Oy: rakennusalan ty\u00f6t, Juha Aaltonen 0400 799 779<\/p>\n<p>Jousitalli: mets\u00e4stysjouset, huollot ja tarvikkeet, Mikko Hietala 040 548 9415<\/p>\n<p><a href=\"https:\/\/www.laarimaki.fi\/\">Laarim\u00e4en puutarha<\/a>: puutarhamyym\u00e4l\u00e4, viherrakentaja, Tuomas Knuutila<\/p>\n<p>Loimaalta k\u00e4sin: konditoria 050 532 0622<\/p>\n<p>Loimaan vesi- ja l\u00e4mp\u00f6: Matti Jokinen 0500 120 649<\/p>\n<p><a href=\"https:\/\/www.mirena-asut.fi\/\">Mirena-asut<\/a>: ty\u00f6asut mittatilauksena, Minna, 040 563 4348<\/p>\n<p>Tehot\u00e4rppi: kalastustarvikkeet ja opastukset, kalastusluvat, Juha Aaltonen (sama k. edell\u00e4)<\/p>\n<p>T:mi Elina Koli: kirjonta, brodeeraus ja siivouspalvelut,\u00a0 Elina Koli 040 857 9906<\/p>\n<p>Lahja Loimaalta Ky: Miro Marjam\u00e4ki 040 741 5499<\/p>\n<p><a href=\"https:\/\/www.peitefirma.fi\/\" target=\"_blank\" rel=\"noopener\">Umavek Ky<\/a>: Marjam\u00e4ki Unto 0400 537 499<\/p>\n<p>[\/et_pb_text][\/et_pb_column][et_pb_column type=&#8221;1_3&#8243; _builder_version=&#8221;4.16&#8243; custom_padding=&#8221;|||&#8221; global_colors_info=&#8221;{}&#8221; custom_padding__hover=&#8221;|||&#8221;][\/et_pb_column][\/et_pb_row][\/et_pb_section]<\/p>\n","protected":false},"excerpt":{"rendered":"<p>T\u00e4lle sivulle olemme ker\u00e4nneet tietoja kyl\u00e4n alueella toimivista yrityksist\u00e4, voit ilmoittaa oman yrityksesi mukaan ottamalla yhteytt\u00e4 yhdistyksen sihteeriin! Aaltonen Oy: rakennusalan ty\u00f6t, Juha Aaltonen 0400 799 779 Jousitalli: mets\u00e4stysjouset, huollot ja tarvikkeet, Mikko Hietala 040 548 9415 Laarim\u00e4en puutarha: puutarhamyym\u00e4l\u00e4, viherrakentaja, Tuomas Knuutila Loimaalta k\u00e4sin: konditoria 050 532 0622 Loimaan vesi- ja l\u00e4mp\u00f6: Matti Jokinen [&hellip;]<\/p>\n","protected":false},"author":1,"featured_media":0,"parent":0,"menu_order":0,"comment_status":"closed","ping_status":"closed","template":"","meta":{"_et_pb_use_builder":"on","_et_pb_old_content":"<strong>T\u00e4lle sivulle olemme ker\u00e4nneet tietoja kyl\u00e4n alueella toimivista yrityksist\u00e4, voit ilmoittaa oman yrityksesi mukaan ottamalla yhteytt\u00e4 yhdistyksen sihteeriin!<\/strong>\r\n\r\nAaltonen Oy: rakennusalan ty\u00f6t, Juha Aaltonen 0400 799 779\r\nJousitalli: mets\u00e4stysjouset, huollot ja tarvikkeet, Mikko Hietala 040 548 9415\r\n<a href=\"https:\/\/www.laarimaki.fi\/\">Laarim\u00e4en puutarha<\/a>: puutarhamyym\u00e4l\u00e4, viherrakentaja, Tuomas Knuutila\r\nLoimaalta k\u00e4sin: konditoria 050 532 0622\r\nLoimaan vesi- ja l\u00e4mp\u00f6: Matti Jokinen 0500 120 649\r\n<a href=\"https:\/\/www.mirena-asut.fi\/\">Mirena-asut<\/a>: ty\u00f6asut mittatilauksena, Minna, 040 563 4348\r\nTehot\u00e4rppi: kalastustarvikkeet ja opastukset, kalastusluvat, Juha Aaltonen (sama k. edell\u00e4)\r\nT:mi Elina Koli, kirjonta, brodeeraus ja siivouspalvelut,\u00a0 Elina Koli 040 857 9906\r\n<a href=\"https:\/\/www.tasmaputti.fi\/\">T\u00e4sm\u00e4putti Ky<\/a>, minigolf, Miro Marjam\u00e4ki 040 741 5499\r\nUmavek Ky, Marjam\u00e4ki Unto 0400 537 499","_et_gb_content_width":"","footnotes":""},"class_list":["post-662","page","type-page","status-publish","hentry"],"_links":{"self":[{"href":"https:\/\/haara-onkijoki.fi\/index.php?rest_route=\/wp\/v2\/pages\/662","targetHints":{"allow":["GET"]}}],"collection":[{"href":"https:\/\/haara-onkijoki.fi\/index.php?rest_route=\/wp\/v2\/pages"}],"about":[{"href":"https:\/\/haara-onkijoki.fi\/index.php?rest_route=\/wp\/v2\/types\/page"}],"author":[{"embeddable":true,"href":"https:\/\/haara-onkijoki.fi\/index.php?rest_route=\/wp\/v2\/users\/1"}],"replies":[{"embeddable":true,"href":"https:\/\/haara-onkijoki.fi\/index.php?rest_route=%2Fwp%2Fv2%2Fcomments&post=662"}],"version-history":[{"count":9,"href":"https:\/\/haara-onkijoki.fi\/index.php?rest_route=\/wp\/v2\/pages\/662\/revisions"}],"predecessor-version":[{"id":1007,"href":"https:\/\/haara-onkijoki.fi\/index.php?rest_route=\/wp\/v2\/pages\/662\/revisions\/1007"}],"wp:attachment":[{"href":"https:\/\/haara-onkijoki.fi\/index.php?rest_route=%2Fwp%2Fv2%2Fmedia&parent=662"}],"curies":[{"name":"wp","href":"https:\/\/api.w.org\/{rel}","templated":true}]}}